f 22571?
2
What is the millions digit of 2255033?
2
What is the thousands digit of 1349916?
9
What is the units digit of 754032?
2
What is the units digit of 11258706?
6
What is the ten thousands digit of 22827359?
2
What is the thousands digit of 647329?
7
What is the units digit of 168907?
7
What is the tens digit of 905092?
9
What is the hundred thousands digit of 2465245?
4
What is the hundred thousands digit of 786766?
7
What is the tens digit of 3162648?
4
What is the thousands digit of 3912616?
2
What is the tens digit of 3886372?
7
What is the ten thousands digit of 1393031?
9
What is the tens digit of 204670?
7
What is the tens digit of 138168?
6
What is the tens digit of 352742?
4
What is the units digit of 86814?
4
What is the tens digit of 1926629?
2
What is the thousands digit of 1648273?
8
What is the hundreds digit of 626326?
3
What is the hundreds digit of 91672?
6
What is the ten millions digit of 43308875?
4
What is the tens digit of 570395?
9
What is the thousands digit of 9480755?
0
What is the millions digit of 5888909?
5
What is the ten thousands digit of 882160?
8
What is the hundred thousands digit of 713736?
7
What is the hundreds digit of 23051?
0
What is the hundred thousands digit of 11379940?
3
What is the millions digit of 1411878?
1
What is the thousands digit of 193958?
3
What is the hundred thousands digit of 238768?
2
What is the thousands digit of 9581074?
1
What is the units digit of 88077?
7
What is the thousands digit of 696289?
6
What is the thousands digit of 2620865?
0
What is the thousands digit of 1969673?
9
What is the hundreds digit of 3417991?
9
What is the units digit of 21751338?
8
What is the hundred thousands digit of 7453353?
4
What is the ten thousands digit of 2211227?
1
What is the tens digit of 657308?
0
What is the units digit of 18755?
5
What is the hundreds digit of 357103?
1
What is the hundreds digit of 676961?
9
What is the thousands digit of 11834038?
4
What is the hundred thousands digit of 4542144?
5
What is the tens digit of 5815711?
1
What is the ten thousands digit of 1218251?
1
What is the ten thousands digit of 1300532?
0
What is the ten thousands digit of 6795795?
9
What is the hundred thousands digit of 2336442?
3
What is the hundreds digit of 6807426?
4
What is the units digit of 1415020?
0
What is the ten thousands digit of 792660?
9
What is the tens digit of 132187?
8
What is the ten millions digit of 13108834?
1
What is the thousands digit of 484095?
4
What is the hundred thousands digit of 385748?
3
What is the tens digit of 83450?
5
What is the hundreds digit of 106?
1
What is the ten thousands digit of 170120?
7
What is the hundred thousands digit of 18738429?
7
What is the hundreds digit of 598593?
5
What is the millions digit of 1858888?
1
What is the hundreds digit of 5014535?
5
What is the millions digit of 21999245?
1
What is the tens digit of 157090?
9
What is the units digit of 15402946?
6
What is the hundreds digit of 9719254?
2
What is the tens digit of 26529?
2
What is the ten thousands digit of 8565669?
6
What is the units digit of 5842?
2
What is the millions digit of 3146613?
3
What is the millions digit of 7252007?
7
What is the thousands digit of 108461?
8
What is the tens digit of 916422?
2
What is the units digit of 331553?
3
What is the hundreds digit of 1548984?
9
What is the ten thousands digit of 131277?
3
What is the tens digit of 3367882?
8
What is the hundreds digit of 732583?
5
What is the hundred thousands digit of 18591095?
5
What is the tens digit of 1330445?
4
What is the millions digit of 2632981?
2
What is the hundreds digit of 1460175?
1
What is the tens digit of 4424115?
1
What is the tens digit of 10832764?
6
What is the tens digit of 4282885?
8
What is the ten thousands digit of 1334618?
3
What is the units digit of 1825435?
5
What is the tens digit of 3053759?
5
What is the units digit of 428565?
5
What is the hundred thousands digit of 1756317?
7
What is the hundred thousands digit of 160051?
1
What is the hundreds digit of 2613667?
6
What is the thousands digit of 5957391?
7
What is the thousands digit of 1023455?
3
What is the tens digit of 16400?
0
What is the tens digit of 116887?
8
What is the millions digit of 2089880?
2
What is the tens digit of 183565?
6
What is the ten thousands digit of 75346?
7
What is the hundreds digit of 164671?
6
What is the thousands digit of 1815699?
5
What is the ten thousands digit of 34851?
3
What is the tens digit of 553413?
1
What is the thousands digit of 1472588?
2
What is the tens digit of 4480177?
7
What is the thousands digit of 17247942?
7
What is the millions digit of 3381396?
3
What is the hundred thousands digit of 4577266?
5
What is the tens digit of 1860832?
3
What is the thousands digit of 1760448?
0
What is the thousands digit of 482039?
2
What is the tens digit of 1072782?
8
What is the millions digit of 6004502?
6
What is the units digit of 295496?
6
What is the hundred thousands digit of 338862?
3
What is the ten millions digit of 14350144?
1
What is the ten thousands digit of 1074823?
7
What is the ten thousands digit of 36170998?
7
What is the hundreds digit of 799446?
4
What is the hundreds digit of 156572?
5
What is the thousands digit of 8345215?
5
What is the thousands digit of 2789352?
9
What is the hundreds digit of 668092?
0
What is the ten thousands digit of 191575?
9
What is the ten thousands digit of 40079?
4
What is the hundred thousands digit of 3045111?
0
What is the millions digit of 12577480?
2
What is the thousands digit of 159965?
9
What is the hundreds digit of 6547911?
9
What is the hundred thousands digit of 4959522?
9
What is the thousands digit of 2242276?
2
What is the ten thousands digit of 635834?
3
What is the hundreds digit of 1014083?
0
What is the ten thousands digit of 120305?
2
What is the units digit of 327012?
2
What is the units digit of 2893958?
8
What is the thousands digit of 2810198?
0
What is the ten thousands digit of 85805?
8
What is the units digit of 163191?
1
What is the hundreds digit of 42285?
2
What is the units digit of 2520974?
4
What is the hundred thousands digit of 458596?
4
What is the ten thousands digit of 547313?
4
What is the ten thousands digit of 420988?
2
What is the units digit of 9473719?
9
What is the thousands digit of 61321?
1
What is the tens digit of 201141?
4
What is the thousands digit of 6026713?
6
What is the units digit of 245009?
9
What is the thousands digit of 18143842?
3
What is the thousands digit of 116734?
6
What is the ten thousands digit of 164242?
6
What is the thousands digit of 80345?
0
What is the hundred thousands digit of 1236229?
2
What is the tens digit of 300458?
5
What is the tens digit of 933855?
5
What is the hundred thousands digit of 322268?
3
What is the millions digit of 16841872?
6
What is the hundred thousands digit of 6988197?
9
What is the units digit of 7756626?
6
What is the units digit of 99665?
5
What is the tens digit of 388998?
9
What is the hundred thousands digit of 273864?
2
What is the millions digit of 2131325?
2
What is the tens digit of 507369?
6
What is the thousands digit of 718855?
8
What is the ten thousands digit of 389723?
8
What is the thousands digit of 1170131?
0
What is the thousands digit of 9293417?
3
What is the hundreds digit of 1558381?
3
What is the hundred thousands digit of 232352?
2
What is the millions digit of 10393961?
0
What is the hundred thousands digit of 2243867?
2
What is the thousands digit of 29418240?
8
What is the tens digit of 8844614?
1
What is the ten thousands digit of 5695444?
9
What is the ten thousands digit of 228651?
2
What is the units digit of 11247550?
0
What is the thousands digit of 3266819?
6
What is the tens digit of 371255?
5
What is the thousands digit of 6749?
6
What is the ten thousands digit of 667692?
6
What is the thousands digit of 1450878?
0
What is the millions digit of 6559143?
6
What is the tens digit of 7537273?
7
What is the hundreds digit of 42108?
1
What is the thousands digit of 1493179?
3
What is the hundreds digit of 7743904?
9
What is the hundreds digit of 1999613?
6
What is the thousands digit of 4637940?
7
What is the ten thousands digit of 162272?
6
What is the thousands digit of 456696?
